 - 7. Let z be 1*102 - (4 - 2). Suppose -5*c + z = -0*c. What is the remainder when f is divided by c?
19
Suppose 4*p + 44 = -p - 3*s, 0 = 5*s + 15. Calculate the remainder when (-3 + 10)/p*(1 - 282) is divided by 19.
15
Let d(c) = -18 + 64 + c - 20 - 25. Let r(s) = 3*s + 39. Let j(t) = d(t) - r(t). What is the remainder when 66 is divided by j(-24)?
6
Let s = 105 + -129. What is the remainder when 95 is divided by 6 - 3 - (s + (4 - 2))?
20
Suppose -18*q = -1338 - 588. Calculate the remainder when 2243 is divided by q.
103
Suppose 355 = 8620*n - 8615*n. Calculate the remainder when 199 is divided by n.
57
Let w be -1 + (0 + -4 - (-18)/9). What is the remainder when (-1)/(w/2*(-12)/(-3222)) is divided by 31?
24
Calculate the remainder when 5484 is divided by (-1005)/20*(-184)/138.
57
Suppose -3280 = 15*v - 145. Let u = v - -243. Calculate the remainder when 166 is divided by u.
30
Suppose 394*d - 11925 = -2863. What is the remainder when 118 is divided by d?
3
Suppose -i + f + 714 = 0, 4*f + 2134 = 39*i - 36*i. Calculate the remainder when i is divided by 46.
32
Let x = 701 - 361. Let n = -20281 - -20330. What is the remainder when x is divided by n?
46
Let c be ((-153)/(-6))/(4/8). Let p = 38 - c. Let o = p - -59. What is the remainder when o is divided by 12?
10
Let i be 1760/24*(-12)/(-8). Suppose -108*o + i*o = 48. Calculate the remainder when 354 is divided by o.
18
Let d(a) = 2*a**2 - 2*a. Suppose g + 1130 = -2*n + 185, -3*n = -5*g + 1437. Let q = 485 + n. Calculate the remainder when q is divided by d(2).
3
Suppose 0 = 2*u - 3*o - 9, 4*u - 12*o + 53 - 17 = 0. Calculate the remainder when (-554)/(-4) + (-1)/2 is divided by u.
12
Suppose -9*v + 26 - 8 = 0. Suppose 0 = v*w - 163 + 97. What is the remainder when 81 is divided by w?
15
Suppose -4*j = -8, -2*j + 1 + 3 = 3*c. Let k be -2*(10/25)/((-40)/(-150)). What is the remainder when 9 is divided by 0 - k/(6/4) - c?
1
Let t = -73 - -102. Suppose 5*k + t = 6*k. Let y(r) = -9*r. Calculate the remainder when y(-6) is divided by k.
25
Let o(m) = -m**2 + 2*m + 20. Let d be 4/(-22) + 322/77. Let y be o(d). Suppose -11*g - 5 = -y*g. What is the remainder when 23 is divided by g?
3
What is the remainder when -9*(-368)/15 + 6/30 is divided by 14?
11
Suppose 60*c + 66*c - 92*c = 4182. What is the remainder when c is divided by 44?
35
Let q(u) = 3*u + 24. Let l be q(-8). Suppose l = -10*x + 5*x + 65. Let p(j) = j**2 - 11*j - 3. What is the remainder when 68 is divided by p(x)?
22
Suppose m = 4*b + 8, 30 = 4*m + 4*b - 2. Suppose -4*s + 47 = -2*d + 7*d, 4*d = 5*s - 110. Suppose 23*k = s*k + 25. What is the remainder when m is divided by k?
3
Suppose -b - 3*b = 664. What is the remainder when b/(-6) + 12/(-18) is divided by 5?
2
Suppose -f = -0*f - 54. Let o(u) = -4*u**2 + 43*u + 19. What is the remainder when f is divided by o(11)?
6
Suppose 5*r = 3*b - 36, 3 + 7 = b - r. Suppose 4*y - b*y + 81 = 0. Let q = 6439 + -6391. Calculate the remainder when q is divided by y.
21
Suppose 4 - 64 = -12*i. Suppose -y = -2*o + 3*y + 108, -i*o + 3*y = -298. What is the remainder when o is divided by 34?
28
Let b = -24 + 63. What is the remainder when ((23 - -3) + 129)*1 is divided by b?
38
Suppose -6*m - 2*m + 64 = 0. Suppose s = 5*a - 60, 3*a + 2*s - m = -3*s. What is the remainder when 18 is divided by a?
7
Let o = 45 - 43. Suppose -242 = -4*s + 210. What is the remainder when s is divided by o + -6 + 5 - -28?
26
Let p(m) = -10*m + 50. Let l be p(5). Suppose -49*s + 2761 + 473 = l. Calculate the remainder when s is divided by 1*-1 - 57/(-3).
12
Suppose -80*l + 84*l + 4*g - 472 = 0, 2*g = 0. What is the remainder when 700 is divided by l?
110
Let p = -34143 + 34223. What is the remainder when 972 is divided by p?
12
Suppose t = -3*m + 712, -16*m = -11*m - 5*t - 1160. Calculate the remainder when m is divided by -316*5*6/(-120).
78
Let p = -7944 - -8575. Calculate the remainder when p is divided by 17.
2
Suppose -3*d - 4*k + 25 = 0, k + 32 = 5*d - 2. What is the remainder when 9972 is divided by d?
4
Let c(t) = -t**3 + 4*t**2 + 3*t + 7. Let q be c(0). What is the remainder when 178 is divided by (-2 + -33)*(-6)/q?
28
Let c(o) = o**3 - 6*o**2 + 2*o - 8. Let l be c(6). Suppose -l*j = 8*j - 36. Suppose j*f = 11*f - 80. Calculate the remainder when 68 is divided by f.
8
Let j(z) = 2*z**3 - 33*z**2 + 226*z - 1. Calculate the remainder when j(10) is divided by 40.
39
Let f be (-3 - 7876/(-187)) + 4/(-34). Suppose f*k = 31*k + 24. What is the remainder when 23 is divided by k?
2
Let u(l) = 111*l - 994. Let j be -24 - (1 + 0)/(-1). Let h = -14 - j. Calculate the remainder when h is divided by u(9).
4
Let h(u) = 1 + 0 + 22*u - 9*u + 3*u**2 - 18*u. Let f be h(2). What is the remainder when 10 is divided by f + 13/(-4) - (-39)/12?
1
Let s(h) = 30*h - 1371. Suppose -2*v = -4*v + 64. Calculate the remainder when v is divided by s(46).
5
What is the remainder when 763 is divided by ((-10)/(-4))/((-2034)/204 - -2 - -8)?
83
Suppose 18818 - 8 = 66*x. Calculate the remainder when x is divided by 281.
4
Suppose -3*p - 1450*o = -1447*o - 87, -2*o - 92 = -4*p. Calculate the remainder when 972 is divided by p.
22
Let m(u) = -u**3 + u**2 - u - 2. Let r(o) = -3*o**3 - 11*o**2 - 38*o - 26. Let y(a) = 4*m(a) - r(a). What is the remainder when 87 is divided by y(17)?
15
Suppose 5*n + 208 = -4*u + 502, -5*n + 4*u + 366 = 0. What is the remainder when 788 is divided by n?
62
Suppose -3*v + 227 = 4*i, i - 61 = -0*v - 5*v. Suppose b - 13 = -d - 4*d, -3*b + 2*d = -i. What is the remainder when 70 is divided by b?
16
Let u = -360 + 670. Let q = -287 + u. What is the remainder when 342 is divided by q?
20
Let c(w) = -25*w + 5. Let f be c(2). Let b = 44 + f. Calculate the remainder when (33/(-12))/(b/4) is divided by 5.
1
Calculate the remainder when 5204 is divided by 135 - (-3*5 + 41 + -28).
135
Let n(z) = -z**2 + 13*z - 3. Let s be n(11). Let k = s - -60. What is the remainder when k is divided by 20?
19
Let f be (-5117)/(-49) + 8/14. Suppose 0 = f*m - 101*m - 40. Calculate the remainder when (-2)/(-6) + 203/3 is divided by m.
8
Calculate the remainder when 65/(-195) + 4/18*4479 is divided by 55.
5
Let f be (4 - 1)*(-6)/(-6). Suppose 7*j - 1 = -f*i + 5*j, 5*j = -4*i - 1. What is the remainder when 105/15 - (1 - (-1)/i) is divided by 2?
1
Let d = 33 - 19. Let k = 3323 + -3317. Calculate the remainder when (-360)/(-35) + (-4)/d is divided by k.
4
Suppose 25*q - 4*o - 30 = 22*q, 16 = 2*q - 4*o. Let t(u) = -u - 54. Let k be t(0). Let w = k + 81. Calculate the remainder when w is divided by q.
13
Let n = 14384 + -12412. What is the remainder when n is divided by 219?
1
Suppose 29*w - 190 - 198 + 98 = 0. What is the remainder when 9899 is divided by w?
9
Let g = -248 + 438. Suppose -9*j - 28 = -g. Calculate the remainder when 45 is divided by j.
9
Let l(g) = -1 - 4 + 6 + g + g**2 - 2. Let v(u) = -108*u**2 - 96*u + 96. Let w(s) = -288*l(s) - 3*v(s). Calculate the remainder when 106 is divided by w(1).
34
Let d = -8044 + 8181. What is the remainder when 943 is divided by d?
121
Let l be 6/(-4) + ((-6867)/(-18) - 9). Let i = l - 262. What is the remainder when i is divided by 55?
54
Suppose -8*k - 2*v + 2904 = 0, -6*k + 2*v + 1828 = -k. Calculate the remainder when 455/k - 350/(-8) is divided by 11.
1
Suppose -279 = -10*s - 0*s - s + 2834. What is the remainder when s is divided by 2/7 - 309/(-21)?
13
Suppose 0 = 28*v + 5318 - 22062. Calculate the remainder when v is divided by 8.
6
Suppose 0 = 3*h - p - 9, 0*p + 3 = h + 3*p. Suppose b + h = 4. Let f(v) = 17*v**2 + v - 1. What is the remainder when f(b) is divided by 5?
2
Suppose -179 = -2*p + 4*z + z, 0 = 4*p + 2*z - 370. Let t = -67 + p. What is the remainder when 99 is divided by t?
24
Let m = -34 - -76. Suppose -5*l - 74 = -114. Suppose 0 = -u + x + l, -3*x = 2*u - 0*x - 1. What is the remainder when m is divided by u?
2
Suppose -104*w = 118*w - 10*w - 4876. Let u(r) = r**3 - r**2 + r - 4. What is the remainder when u(4) is divided by w?
2
Let n(z) = -4*z - 6. Suppose 0 = -v + 2*x + 284 - 290, 5*v = 2*x + 10. Calculate the remainder when n(-4) is divided by v.
2
Let r = 8967 + -8370. What is the remainder when r is divided by 92?
45
Let w = 8062 + -8001. Calculate the remainder when 176 is divided 